
821
List the prime factors of 2249.
13, 173
What are the prime factors of 160709?
160709
What are the prime factors of 3341?
13, 257
List the prime factors of 30144.
2, 3, 157
List the prime factors of 29815.
5, 67, 89
What are the prime factors of 56175?
3, 5, 7, 107
List the prime factors of 334.
2, 167
What are the prime factors of 73196?
2, 29, 631
List the prime factors of 18161.
11, 13, 127
What are the prime factors of 38?
2, 19
List the prime factors of 874.
2, 19, 23
What are the prime factors of 15776?
2, 17, 29
List the prime factors of 128638.
2, 64319
What are the prime factors of 728?
2, 7, 13
List the prime factors of 864.
2, 3
What are the prime factors of 522?
2, 3, 29
What are the prime factors of 735?
3, 5, 7
What are the prime factors of 707?
7, 101
What are the prime factors of 3860?
2, 5, 193
List the prime factors of 126124.
2, 31531
What are the prime factors of 4437?
3, 17, 29
What are the prime factors of 126?
2, 3, 7
What are the prime factors of 189?
3, 7
List the prime factors of 969.
3, 17, 19
List the prime factors of 47227.
83, 569
List the prime factors of 13077.
3, 1453
What are the prime factors of 27098?
2, 17, 797
List the prime factors of 4957.
4957
List the prime factors of 16005.
3, 5, 11, 97
List the prime factors of 58726.
2, 29363
What are the prime factors of 4205?
5, 29
List the prime factors of 41635.
5, 11, 757
What are the prime factors of 48549?
3, 16183
What are the prime factors of 1272?
2, 3, 53
List the prime factors of 4815.
3, 5, 107
List the prime factors of 2349.
3, 29
List the prime factors of 5204.
2, 1301
What are the prime factors of 38183?
38183
List the prime factors of 859.
859
What are the prime factors of 1516?
2, 379
List the prime factors of 491.
491
What are the prime factors of 780?
2, 3, 5, 13
What are the prime factors of 93533?
11, 773
What are the prime factors of 11612?
2, 2903
What are the prime factors of 929?
929
What are the prime factors of 98893?
98893
List the prime factors of 44066.
2, 11, 2003
List the prime factors of 26552.
2, 3319
What are the prime factors of 1100?
2, 5, 11
What are the prime factors of 7?
7
What are the prime factors of 124062?
2, 3, 23, 29, 31
What are the prime factors of 126106?
2, 17, 3709
List the prime factors of 16933.
7, 41, 59
What are the prime factors of 41708?
2, 10427
List the prime factors of 483.
3, 7, 23
List the prime factors of 1899.
3, 211
List the prime factors of 4032.
2, 3, 7
What are the prime factors of 3575?
5, 11, 13
List the prime factors of 79411.
79411
List the prime factors of 870.
2, 3, 5, 29
What are the prime factors of 1815?
3, 5, 11
List the prime factors of 75691.
7, 11, 983
List the prime factors of 21339.
3, 2371
List the prime factors of 832.
2, 13
What are the prime factors of 12430?
2, 5, 11, 113
What are the prime factors of 1051?
1051
List the prime factors of 721.
7, 103
List the prime factors of 3622.
2, 1811
What are the prime factors of 28523?
11, 2593
What are the prime factors of 90038?
2, 13, 3463
What are the prime factors of 9864?
2, 3, 137
List the prime factors of 22796.
2, 41, 139
List the prime factors of 58084.
2, 13, 1117
What are the prime factors of 538?
2, 269
List the prime factors of 3640.
2, 5, 7, 13
What are the prime factors of 1389?
3, 463
What are the prime factors of 2626?
2, 13, 101
What are the prime factors of 27883?
27883
List the prime factors of 405.
3, 5
What are the prime factors of 227?
227
What are the prime factors of 6979?
7, 997
What are the prime factors of 106976?
2, 3343
List the prime factors of 10074.
2, 3, 23, 73
List the prime factors of 1901.
1901
List the prime factors of 2731.
2731
List the prime factors of 617.
617
List the prime factors of 6295.
5, 1259
List the prime factors of 688.
2, 43
List the prime factors of 34448.
2, 2153
What are the prime factors of 2336?
2, 73
List the prime factors of 237.
3, 79
What are the prime factors of 8330?
2, 5, 7, 17
List the prime factors of 1367.
1367
List the prime factors of 153660.
2, 3, 5, 13, 197
What are the prime factors of 8522?
2, 4261
What are the prime factors of 14462?
2, 7, 1033
What are the prime factors of 607?
607
What are the prime factors of 12078?
2, 3, 11, 61
What are the prime factors of 27986?
2, 7, 1999
What are the prime factors of 2341?
2341
List the prime factors of 5167.
5167
What are the prime factors of 731?
17, 43
What are the prime factors of 68462?
2, 34231
List the prime factors of 128934.
2, 3, 13, 19, 29
List the prime factors of 27328.
2, 7, 61
List the prime factors of 29036.
2, 7, 17, 61
List the prime factors of 1034.
2, 11, 47
What are the prime factors of 5600?
2, 5, 7
What are the prime factors of 4442?
2, 2221
What are the prime factors of 72559?
72559
What are the prime factors of 16342?
2, 8171
What are the prime factors of 809?
809
What are the prime factors of 7600?
2, 5, 19
What are the prime factors of 84569?
19, 4451
List the prime factors of 111960.
2, 3, 5, 311
List the prime factors of 20461.
7, 37, 79
List the prime factors of 27459.
3, 113
List the prime factors of 11995.
5, 2399
What are the prime factors of 492?
2, 3, 41
List the prime factors of 1952.
2, 61
List the prime factors of 44512.
2, 13, 107
What are the prime factors of 61120?
2, 5, 191
What are the prime factors of 708?
2, 3, 59
List the prime factors of 16124.
2, 29, 139
What are the prime factors of 4543?
7, 11, 59
What are the prime factors of 3581?
3581
List the prime factors of 663.
3, 13, 17
List the prime factors of 12419.
11, 1129
What are the prime factors of 798?
2, 3, 7, 19
What are the prime factors of 2508?
2, 3, 11, 19
What are the prime factors of 3054?
2, 3, 509
List the prime factors of 163.
163
What are the prime factors of 61566?
2, 3, 31, 331
List the prime factors of 248.
2, 31
What are the prime factors of 620?
2, 5, 31
List the prime factors of 349.
349
What are the prime factors of 6013?
7, 859
List the prime factors of 7172.
2, 11, 163
List the prime factors of 18871.
113, 167
What are the prime factors of 5547?
3, 43
What are the prime factors of 357?
3, 7, 17
What are the prime factors of 598?
2, 13, 23
List the prime factors of 94954.
2, 197, 241
What are the prime factors of 32450?
2, 5, 11, 59
List the prime factors of 4422.
2, 3, 11, 67
List the prime factors of 1894.
2, 947
What are the prime factors of 104686?
2, 17, 3079
List the prime factors of 15809.
15809
What are the prime factors of 95?
5, 19
List the prime factors of 1873.
1873
List the prime factors of 22677.
3, 7559
What are the prime factors of 4967?
4967
What are the prime factors of 1604?
2, 401
List the prime factors of 566.
2, 283
List the prime factors of 870.
2, 3, 5, 29
What are the prime factors of 21158?
2, 71, 149
What are the prime factors of 4448?
2, 139
List the prime factors of 71269.
11, 19, 31
List the prime factors of 4677.
3, 1559
List the prime factors of 9325.
5, 373
List the prime factors of 6739.
23, 293
List the prime factors of 9937.
19, 523
What are the prime factors of 68406?
2, 3, 13, 877
List the prime factors of 46491.
3, 15497
What are the prime factors of 1632?
2, 3, 17
List the prime factors of 2800.
2, 5, 7
What are the prime factors of 63688?
2, 19, 419
What are the prime factors of 2053?
2053
List the prime factors of 1813.
7, 37
What are the prime factors of 7092?
2, 3, 197
What are the prime factors of 3368?
2, 421
List the prime factors of 1037.
17, 61
List the prime factors of 9789.
3, 13, 251
List the prime factors of 12861.
3, 1429
What are the prime factors of 525?
3, 5, 7
List the prime factors of 2298.
2, 3, 383
What are the prime factors of 59609?
11, 5419
List the prime factors of 568.
2, 71
What are the prime factors of 120905?
5, 24181
List the prime factors of 40098.
2, 3, 41, 163
List the prime factors of 83367.
3, 59, 157
What are the prime factors of 27062?
2, 7, 1933
List the prime factors of 390.
2, 3, 5, 13
List the prime factors of 2488.
2, 311
What are the prime factors of 636?
2, 3, 53
List the prime factors of 5647.
5647
List the prime factors of 5143.
37, 139
List the prime factors of 3956.
2, 23, 43
List the prime factors of 70242.
2, 3, 23, 509
List the prime factors of 4395.
3, 5, 293
What are the prime factors of 1001?
7, 11, 13